 - 50. What is the greatest common divisor of y and 8?
4
Let q = 859 + -572. What is the highest common factor of q and 14?
7
Let r be (-6)/((-2)/(-44)*-6). Suppose 0 = -2*j + 40 - r. What is the highest common factor of j and 81?
9
Suppose -5*l + 17 = u, -13*u = -14*u - l + 21. Calculate the highest common divisor of 110 and u.
22
Let w = -95 - -152. Calculate the highest common divisor of 627 and w.
57
Let w(f) = 2*f**2 + 5*f - 56. Let r be w(6). What is the greatest common factor of r and 46?
46
Let o(l) = -l**2 - 4*l - 3. Let x be o(-6). Let i = x + 32. Let f(d) = 3*d**2 + 27*d + 2. Let s be f(-11). What is the greatest common factor of s and i?
17
Let g = 2 + 3. Suppose -10 - 15 = -g*h. Suppose -h*a + 43 = -p, -2*p = -a - p + 7. Calculate the greatest common factor of a and 63.
9
Let w(x) = 4*x**2 + 12*x + 44. Let t be w(8). Calculate the highest common factor of t and 36.
36
Let x = -31 - -50. Let z = x + -16. Calculate the highest common factor of 3 and z.
3
Suppose 114*w - 122*w + 672 = 0. Calculate the greatest common factor of w and 12.
12
Let l = 48 - 48. Suppose 0*i - 2*i = 2*s - 258, 2*i + 4*s - 260 = l. Calculate the greatest common factor of 16 and i.
16
Suppose -37 + 43 = 3*v. Let s be (v + 1 - 9)/((-3)/2). What is the highest common factor of s and 44?
4
Let i(g) = -2*g + 204. Let t be i(17). Calculate the highest common factor of t and 25.
5
Suppose -4*s = 0, 4*r + 2*s - 6*s = 36. What is the highest common divisor of 45 and r?
9
Suppose -2*f - 2*f + 152 = 0. Suppose 2*r + 1424 = 210. Let i = r + 949. Calculate the highest common factor of i and f.
38
Let g be 27/(-1)*-6*(-4)/72. Let u(y) = 2*y**2 + 17*y + 7. Let a be u(g). Calculate the highest common divisor of 40 and a.
8
Let a be (0 + (-1)/(-3))*45. Let j = 16 - a. What is the highest common factor of 1 and j?
1
Let w(t) = -t**3 + 3*t**2 + 8*t + 10. Let i be w(-4). What is the highest common factor of i and 120?
30
Suppose 0 = 7*s - 222 - 184. Calculate the highest common divisor of s and 290.
58
Let l = 815 - 792. Suppose 40 = -3*u + 799. Calculate the greatest common factor of l and u.
23
Suppose 12*k = 603 + 2817. What is the greatest common factor of 30 and k?
15
Let i(f) = -f**3 + f**2 + f + 44. Let g be i(0). Suppose 2*a - 2*y = g, 3*a = a - 2*y + 28. What is the greatest common factor of 6 and a?
6
Let y be 8 + -5*(-8)/(-10). Let v(w) = 6*w - 2. Let q be v(5). What is the greatest common divisor of y and q?
4
Let s(d) = -239*d + 994. Let t be s(4). Let q(r) = -138*r + 4. Let z be q(-3). Calculate the highest common divisor of t and z.
38
Suppose 12 = 5*x + 5*r - 73, -3*x + 3*r = -27. Let b = 41 - x. What is the highest common divisor of b and 4?
4
Suppose 0*c + 2*c = 204. Suppose 4*t - c = 2*y, -3*t + 33 = -2*t + y. Suppose 5*a = 7*m - 3*m + 64, a + 3*m = t. What is the greatest common factor of a and 64?
16
Suppose -3*j = -228 - 180. Calculate the highest common factor of j and 340.
68
Suppose -4*w - t + 1059 = 0, 3*w - 8*w + 3*t = -1311. Calculate the greatest common factor of 198 and w.
66
Let h be 0 - 165/(-6)*2. Let k be 8 + -1 + 17 + -13. Calculate the greatest common divisor of k and h.
11
Let d(j) = j**2 + 30*j + 21. Let q be d(-32). Calculate the highest common divisor of q and 55.
5
Let j be 2/((18 - 19) + (-62)/(-58)). What is the greatest common factor of j and 1421?
29
Let c(r) = -r**3 - r**2 - 1. Let h(m) = -m**3 + 14*m**2 + 16*m + 34. Let v(l) = -2*c(l) + h(l). Let i be v(-15). What is the highest common factor of 105 and i?
21
Suppose -2*g + k - 2*k = -314, 3*g - 461 = k. Suppose -g = -5*a - 50. Calculate the greatest common factor of 28 and a.
7
Let v = -163 - -238. Calculate the greatest common factor of v and 25.
25
Let o(t) = 31*t - 3. Let g be o(3). Let n = 21 - 12. Calculate the highest common factor of n and g.
9
Suppose -8 = 5*z - 5*p - 3, -5*z + 3*p = -5. Let w be -2 - -5 - (3 - z). Let d be (3 - 2) + 1*35. Calculate the greatest common divisor of d and w.
4
Let y = 326 - 186. What is the greatest common factor of 20 and y?
20
Suppose 4*q - 5*n - 34 = -2, -q - 3*n + 8 = 0. Let k be 24*1*6/q. Calculate the highest common divisor of k and 144.
18
Suppose 135 = -13*i + 265. Let r = 51 - 21. What is the highest common divisor of r and i?
10
Let i be -1 - (-1 + -30)*1. Suppose 0 = -4*r + 13 + 3. Suppose p = 4*p + 5*t - 43, r*p + 3*t = 39. What is the greatest common divisor of p and i?
6
Suppose 0 = -5*f, f + 790 = 3*a + 10. What is the highest common divisor of 20 and a?
20
Suppose 16*g - 21*g - 25 = 0, -2*b + 5*g + 155 = 0. Calculate the greatest common divisor of 715 and b.
65
Let y(a) = -2*a**2 + 8*a + 10. Let q be y(5). Let n be 6 - (6 + -3) - 11. Let v be (q + -1)/(n/192). Calculate the highest common divisor of v and 6.
6
Suppose 4*c + 12 = 5*u, 4*u + 6 = -2*c + 5*u. Let g be (-7)/14*66*(c - 1). What is the greatest common divisor of g and 12?
12
Let t be 4/20 - (2724/(-30) - 0). What is the highest common divisor of t and 143?
13
Suppose -195*p = -194*p - 287. What is the greatest common factor of p and 21?
7
Let d = -327 - -401. What is the highest common divisor of d and 259?
37
Let g(q) = 5*q**2 + 18*q + 16. Let m be g(-10). What is the highest common factor of 42 and m?
42
Suppose 3*d = -4*r - 35 + 122, 0 = 4*r + 12. What is the greatest common divisor of d and 3?
3
Suppose -6*p - 145 + 1339 = 0. Let a = 35 + p. Calculate the greatest common factor of a and 26.
26
Let a be ((-6)/(-5))/((-402)/(-3350)). Let b be (-4)/18 - 182/(-9). Calculate the highest common divisor of b and a.
10
Suppose -4*b - 16 = 0, -3*z = z + 2*b - 916. Let h(x) = -x + 7. Let o be h(-14). Calculate the highest common factor of z and o.
21
Let u = -9 + 12. Suppose -u*c = c. Suppose -3*r + 2*r + 69 = c. What is the highest common divisor of r and 46?
23
Let z(j) = 14 + 2*j - 1 - 6*j + 8*j**2 - j**3 + 2*j**3. Let r be z(-8). Calculate the highest common factor of r and 15.
15
Let x(b) = -17*b - 47. Let y be x(-4). Calculate the greatest common divisor of 483 and y.
21
Let a = 1544 - 1513. What is the greatest common factor of 1 and a?
1
Let u be (-6)/(-4) - (-14)/(-4) - -8. Let x = -25 + 44. Let o be x/3 + 1/(-3). What is the highest common factor of o and u?
6
Suppose -2*s = -61 + 45. Let l be -20*(-1)/(-3)*-3. What is the highest common factor of s and l?
4
Suppose -a - 8 = 10. Let r be 54/((-1)/6 - 15/a). Let s = -9 + 18. What is the highest common divisor of s and r?
9
Suppose -2*p = -4*w + 360, -3*w + p = -9 - 259. What is the highest common factor of 132 and w?
44
Suppose 15*p + 21 - 786 = 0. What is the highest common factor of 17 and p?
17
Suppose -2*a + x - 11 = 0, -5*a + 4*x - 43 = -11. Let o be a/(-10) + 7018/55. Calculate the greatest common factor of 32 and o.
32
Let q be (-8)/(-13 - (-5 + -4)). What is the greatest common factor of q and 33?
1
Let n = 381 + -21. Calculate the greatest common divisor of n and 8.
8
Suppose -3*n + 4*v = -16, -4*v = -2*v + 2. Suppose 430 = -n*k + 1574. What is the greatest common factor of k and 26?
26
Let d be 3/((9 - 2)*(-5)/(-175)). Calculate the greatest common factor of 355 and d.
5
Let d = 611 - 503. Calculate the greatest common divisor of 27 and d.
27
Let f be 4/(-6)*63/(-14). Suppose 0 = 3*v - x - 9, -v + 0*x - f*x = 7. Suppose v*c = 4*c - 48. What is the highest common factor of 120 and c?
24
Let y(b) be the first derivative of b**2/2 - 5*b - 7. Let r be y(4). Let t be 24 + -5 - (r + 0). What is the highest common factor of t and 140?
20
Suppose -60*o + 61 = -1619. What is the greatest common factor of 68 and o?
4
Suppose -5 = -s - 2. Suppose t - s = 5*h, 0 = -3*t + h - 3*h + 9. Suppose 4*i + 11 = -5*g, i = -g - i - 7. Calculate the greatest common factor of t and g.
1
Let v = 206 + -200. What is the highest common divisor of v and 4?
2
Let d = 292 - 277. What is the highest common factor of 1110 and d?
15
Let w(t) = -t**2 - 16*t - 16. Let b be w(-16). Suppose 0 = 5*m - m + 28. Let k = m - b. Calculate the highest common factor of k and 45.
9
Suppose -33*n = -38*n + 4380. Calculate the greatest common divisor of n and 6.
6
Let t(m) = -7*m**2 + m - 10. Let d be t(-8). Let x = 653 + d. Let f = 275 - x. What is the greatest common divisor of 8 and f?
8
Let l = 368 + -89. Let u = -14 + l. What is the greatest 